 factors of 3666.
2, 3, 13, 47
What are the prime factors of 16995?
3, 5, 11, 103
List the prime factors of 3912.
2, 3, 163
List the prime factors of 2287.
2287
List the prime factors of 11693.
11, 1063
What are the prime factors of 6303?
3, 11, 191
What are the prime factors of 161?
7, 23
List the prime factors of 48426.
2, 3, 7, 1153
List the prime factors of 1461.
3, 487
What are the prime factors of 4147?
11, 13, 29
What are the prime factors of 6899?
6899
List the prime factors of 3143.
7, 449
List the prime factors of 681.
3, 227
What are the prime factors of 1450?
2, 5, 29
List the prime factors of 4313.
19, 227
List the prime factors of 122.
2, 61
What are the prime factors of 3510?
2, 3, 5, 13
What are the prime factors of 472?
2, 59
What are the prime factors of 53551?
53551
List the prime factors of 393.
3, 131
List the prime factors of 30834.
2, 3, 571
List the prime factors of 50611.
11, 43, 107
List the prime factors of 26658.
2, 3, 1481
What are the prime factors of 804?
2, 3, 67
What are the prime factors of 777?
3, 7, 37
List the prime factors of 54194.
2, 7, 79
What are the prime factors of 3997?
7, 571
List the prime factors of 2862.
2, 3, 53
What are the prime factors of 3768?
2, 3, 157
List the prime factors of 3574.
2, 1787
What are the prime factors of 18006?
2, 3, 3001
What are the prime factors of 1539?
3, 19
What are the prime factors of 13897?
13, 1069
What are the prime factors of 1370?
2, 5, 137
What are the prime factors of 2612?
2, 653
List the prime factors of 1956.
2, 3, 163
What are the prime factors of 36985?
5, 13, 569
List the prime factors of 127182.
2, 3, 11, 41, 47
What are the prime factors of 109989?
3, 11, 101
List the prime factors of 291.
3, 97
List the prime factors of 3100.
2, 5, 31
List the prime factors of 20551.
20551
What are the prime factors of 1486?
2, 743
What are the prime factors of 133116?
2, 3, 11093
List the prime factors of 4237.
19, 223
What are the prime factors of 55354?
2, 13, 2129
What are the prime factors of 1000?
2, 5
What are the prime factors of 113712?
2, 3, 23, 103
What are the prime factors of 4328?
2, 541
List the prime factors of 43343.
89, 487
What are the prime factors of 5844?
2, 3, 487
List the prime factors of 21156.
2, 3, 41, 43
List the prime factors of 12090.
2, 3, 5, 13, 31
List the prime factors of 923.
13, 71
What are the prime factors of 67?
67
List the prime factors of 1039.
1039
List the prime factors of 1120.
2, 5, 7
What are the prime factors of 2695?
5, 7, 11
List the prime factors of 26774.
2, 11, 1217
List the prime factors of 11502.
2, 3, 71
What are the prime factors of 6493?
43, 151
List the prime factors of 978.
2, 3, 163
What are the prime factors of 20484?
2, 3, 569
What are the prime factors of 21671?
13, 1667
List the prime factors of 31707.
3, 13, 271
What are the prime factors of 480?
2, 3, 5
List the prime factors of 36.
2, 3
List the prime factors of 245.
5, 7
What are the prime factors of 347?
347
What are the prime factors of 169?
13
List the prime factors of 841.
29
What are the prime factors of 3984?
2, 3, 83
What are the prime factors of 1613?
1613
List the prime factors of 28530.
2, 3, 5, 317
What are the prime factors of 1479?
3, 17, 29
What are the prime factors of 1011?
3, 337
List the prime factors of 100190.
2, 5, 43, 233
List the prime factors of 2350.
2, 5, 47
What are the prime factors of 13?
13
What are the prime factors of 1733?
1733
List the prime factors of 946.
2, 11, 43
What are the prime factors of 2235?
3, 5, 149
What are the prime factors of 568?
2, 71
List the prime factors of 8745.
3, 5, 11, 53
What are the prime factors of 2907?
3, 17, 19
What are the prime factors of 40553?
107, 379
What are the prime factors of 166846?
2, 83423
List the prime factors of 237.
3, 79
What are the prime factors of 15599?
19, 821
List the prime factors of 82382.
2, 17, 2423
What are the prime factors of 9763?
13, 751
List the prime factors of 876.
2, 3, 73
What are the prime factors of 38852?
2, 11, 883
What are the prime factors of 2633?
2633
What are the prime factors of 8875?
5, 71
What are the prime factors of 1993?
1993
List the prime factors of 2257.
37, 61
List the prime factors of 1066.
2, 13, 41
What are the prime factors of 67360?
2, 5, 421
What are the prime factors of 32805?
3, 5
What are the prime factors of 6399?
3, 79
List the prime factors of 72568.
2, 47, 193
List the prime factors of 1208.
2, 151
List the prime factors of 28737.
3, 31, 103
List the prime factors of 15420.
2, 3, 5, 257
What are the prime factors of 1388?
2, 347
What are the prime factors of 3153?
3, 1051
List the prime factors of 494.
2, 13, 19
What are the prime factors of 16802?
2, 31, 271
What are the prime factors of 35747?
35747
What are the prime factors of 1700?
2, 5, 17
What are the prime factors of 8196?
2, 3, 683
What are the prime factors of 126197?
97, 1301
List the prime factors of 493.
17, 29
List the prime factors of 70298.
2, 35149
List the prime factors of 285.
3, 5, 19
What are the prime factors of 7153?
23, 311
What are the prime factors of 2291?
29, 79
List the prime factors of 1298.
2, 11, 59
List the prime factors of 2586.
2, 3, 431
What are the prime factors of 9302?
2, 4651
What are the prime factors of 937?
937
What are the prime factors of 68701?
23, 29, 103
List the prime factors of 1732.
2, 433
List the prime factors of 1620.
2, 3, 5
What are the prime factors of 2316?
2, 3, 193
List the prime factors of 25558.
2, 13, 983
List the prime factors of 2103.
3, 701
What are the prime factors of 11489?
11489
What are the prime factors of 868?
2, 7, 31
List the prime factors of 43148.
2, 7, 23, 67
List the prime factors of 67408.
2, 11, 383
What are the prime factors of 5284?
2, 1321
List the prime factors of 19524.
2, 3, 1627
List the prime factors of 12197.
12197
What are the prime factors of 2708?
2, 677
What are the prime factors of 4861?
4861
List the prime factors of 19004.
2, 4751
List the prime factors of 1658.
2, 829
List the prime factors of 29734.
2, 14867
List the prime factors of 9063.
3, 19, 53
What are the prime factors of 13469?
13469
What are the prime factors of 1420?
2, 5, 71
What are the prime factors of 32467?
32467
List the prime factors of 26805.
3, 5, 1787
What are the prime factors of 16516?
2, 4129
What are the prime factors of 36055?
5, 7211
What are the prime factors of 6290?
2, 5, 17, 37
List the prime factors of 10811.
19, 569
What are the prime factors of 19654?
2, 31, 317
What are the prime factors of 2319?
3, 773
List the prime factors of 35943.
3, 11981
List the prime factors of 65664.
2, 3, 19
List the prime factors of 861.
3, 7, 41
What are the prime factors of 9912?
2, 3, 7, 59
What are the prime factors of 1568?
2, 7
List the prime factors of 5508.
2, 3, 17
What are the prime factors of 1716?
2, 3, 11, 13
List the prime factors of 1184.
2, 37
List the prime factors of 4937.
4937
What are the prime factors of 1847?
1847
List the prime factors of 8500.
2, 5, 17
List the prime factors of 11925.
3, 5, 53
What are the prime factors of 832?
2, 13
List the prime factors of 5623.
5623
What are the prime factors of 56502?
2, 3, 43, 73
What are the prime factors of 133554?
2, 3, 22259
What are the prime factors of 6667?
59, 113
What are the prime factors of 8579?
23, 373
List the prime factors of 214.
2, 107
What are the prime factors of 6097?
7, 13, 67
What are the prime factors of 88894?
2, 13, 263
List the prime factors of 77566.
2, 38783
List the prime factors of 79.
79
List the prime factors of 1606.
2, 11, 73
What are the prime factors of 25343?
25343
List the prime factors of 16934.
2, 8467
What are the prime factors of 93203?
11, 37, 229
List the prime factors of 104723.
104723
What are the prime factors of 710?
2, 5, 71
List the prime factors of 3842.
2, 17, 113
What are the prime factors of 4562?
2, 2281
List the prime factors of 10462.
2, 5231
What are the prime factors of 40987?
17, 2411
List the prime factors of 17295.
3, 5, 1153
What are the prime factors of 39354?
2, 3, 7, 937
What are the prime factors of 4305?
3, 5, 7, 41
List the prime factors of 7205.
5, 11, 131
List the prime factors of 819.
3, 7, 13
What are the prime factors of 145?
5, 29
List the prime factors of 278.
2, 13